3*o - 41 = -5*y, d = -5*y - o - 2*o + 29. Suppose 2*h - y*h - 5 = 0. Let f(c) = 7*c - 1. Determine f(h).
-8
Let d(o) be the first derivative of -o**2/2 - 5*o - 176. Let r = 7 + -11. Let g = r + -2. Calculate d(g).
1
Let f(l) = -6*l**3 + l**2 - l**2 + 21 - 23 + l + 0*l**2. Determine f(1).
-7
Let u(c) = c**2 - c - 1. Let g be u(-2). Let j be (-1)/g + 273/65. Let r(b) = b**3 - 4*b**2 - 2*b + 5. Calculate r(j).
-3
Let q(h) = 2*h - 1. Suppose 0 = -3*i - i + 5*f + 63, -5*i = -f - 63. Suppose w - 4*u + 2 = -0*u, -2*u + i = 5*w. What is q(w)?
3
Let p be (-16)/(-2) - (-69)/(-23). Let u(j) = -j**2 + 4*j + 4. What is u(p)?
-1
Let q(w) = -w - 4. Let x be q(-6). Suppose x*l + 2*j = -3*j + 27, j + 21 = 4*l. Suppose l + 3 = -3*b. Let y(a) = -a**2 - 4*a - 3. Give y(b).
0
Let k be 1/(((-8)/(-84))/(-2)). Let a = k + 35. Let r be 105/a + 2/(-4). Let w(g) = g**3 - 8*g**2 + 8*g - 1. What is w(r)?
6
Let f(l) = 6*l**2 + 1. Suppose q - 13 = -2*q + 4*g, -5*q - 2*g + 13 = 0. Suppose -3*z = -s - 1, z = -7*s + q*s - 4. What is f(s)?
7
Let j(a) = 2 + 16*a - 9*a**2 - a**2 - a**3 + 5*a - 7*a**2 - 3*a. Determine j(-18).
2
Suppose 0 = 3*c + 2*p - 8, -3*c + 19 + 1 = 5*p. Suppose 3*o + c*f = 2*f - 5, 0 = -4*o - 5*f + 24. Let w(g) = -2*g**3 - 1. Give w(o).
-3
Let t(o) = -o**2 + 22*o - 45. Let c be t(19). Let b be 1*(8/(-6))/(2/c). Let i(k) = k + 9. Determine i(b).
1
Let f(j) = j**3 + 3*j**2 - 3*j - 3. Suppose 50 = 2*l - 4*l. Let y = -29 - l. What is f(y)?
-7
Let v be -1 + 0 + 39/13. Let m(b) be the third derivative of -1/8*b**4 + 1/3*b**3 + 0*b + 0 + 1/120*b**6 + 0*b**5 + 5*b**2. What is m(v)?
4
Suppose 0*v = -v - 2*v. Suppose -6*k + 12*k + 24 = v. Let f(n) = 2*n**2 + 6*n + 6. Give f(k).
14
Let n(v) = -v**2 - 3*v + 1. Suppose 4 + 6 = -5*s. Let h be (s/4)/((-4)/16). Suppose i = 2*i - h. What is n(i)?
-9
Let f(u) be the third derivative of -u**4/6 + 5*u**3/6 + 175*u**2. What is f(6)?
-19
Let c(b) = b**2 - b - 4. Suppose -15 = -12*d + 7*d. Let s be c(d). Let v(z) = 4*z - 1. Give v(s).
7
Let c = -3 + 5. Let v(i) = -c - i + 5*i - i. Calculate v(-3).
-11
Suppose -13*j = -14*j + 4. Let c(n) = 2*n - 2*n - 3*n - j + n. Suppose 1 - 6 = f. What is c(f)?
6
Let a = -738 - -744. Let o(k) be the first derivative of -a*k + 14 + 3*k**2 + 1/3*k**3. Determine o(-6).
-6
Suppose -5*g = 2*t - 14, 4*g - 4*t = -t + 2. Let y(z) = 3 + z**3 - z + z**2 + z + g*z. Give y(-2).
-5
Let k(q) be the second derivative of 0*q**2 + 1/6*q**3 - 1/4*q**4 + 0 + 1/10*q**5 - 5*q. Let y = 5 - 3. What is k(y)?
6
Let t be ((-9)/(-6))/((-9)/132). Let i = 24 + t. Suppose i*b = -3*b - 3*o + 11, 4*b - 14 = -5*o. Let j(v) = 13*v**2 + 2*v - 1. Determine j(b).
14
Let t(y) = y**2 + 8*y + 6. Let k = 178 + -185. Give t(k).
-1
Let f = 57 + -36. Let v be 1/((f/78)/(-7)). Let l = v - -31. Let x(u) = -u**2 + 5*u + 4. Calculate x(l).
4
Let s(i) = -i**3 + 27*i**2 + 23*i + 131. Let a be s(28). Let r(j) = -j - 19. Determine r(a).
-10
Let g(y) = y**3 + 19*y**2 - 21*y - 17. Let o be g(-20). Let k(u) = u. Calculate k(o).
3
Let l be (-43 + 43)/((-1)/((-1)/(-6))). Suppose -6 = n - 3*n. Let h(u) = -3*u - n + 2*u + 8. Calculate h(l).
5
Let n(m) = 2*m - 7. Let w = 1184 - 1186. Calculate n(w).
-11
Let c(h) = 0 - 6*h - 67*h**2 - 6 + 66*h**2 + 0*h. Suppose -2 + 0 = -m. Suppose -3*y - m*y - 20 = 0. Calculate c(y).
2
Let c(h) = h**3 - 9*h**2 - 10*h - 4. Let v = -2792 - -2802. What is c(v)?
-4
Suppose -4*u = -7*u + 9. Suppose -21 = -y + u*z, 0 = -0*y - 4*y - z + 71. Let m = y + -22. Let l(d) = -d**3 - 3*d**2 + 6*d + 1. Give l(m).
-7
Let u(r) be the second derivative of 0*r**2 - 1/20*r**5 - 1/3*r**4 + 5*r + 0 - 1/2*r**3. Determine u(-3).
0
Let i = 64 + -52. Let g(j) = -10*j + 10*j + i*j. What is g(-1)?
-12
Let a(t) = -11*t**3 - 12*t**2 + 6*t + 1. Let z(r) = -20*r**3 - 23*r**2 + 12*r + 1. Let f(n) = -11*a(n) + 6*z(n). Calculate f(5).
0
Let m(z) = -2*z - 4. Suppose 146 = 5*l + 21. Let b be (30/l)/(2/(-5)). Determine m(b).
2
Let f(v) = -4*v + 5*v - 4 - 1. Let q be 32 + -27 - 10*1*(-9)/(-18). Give f(q).
-5
Let k(i) = -i**2 - 15*i - 28. Let j be 116/(-10) + (-58)/145. What is k(j)?
8
Let c(b) be the second derivative of b**6/120 - 7*b**5/60 + 4*b**2 + 32*b. Let g(a) be the first derivative of c(a). Calculate g(7).
0
Let a be -5 - (91/(-35) - 2/5). Let l(i) = 4*i**2 + 3*i + 1. Calculate l(a).
11
Let f(v) = -7*v**2 - 5*v - 5. Let n(i) = 10*i**2 + 7*i + 6. Let b(d) = 4*f(d) + 3*n(d). Calculate b(-2).
4
Let x(z) = -2*z**3 + 1 + 6*z**3 - 2*z - 6*z**2 - 5*z**3. What is x(-4)?
-23
Suppose 4*y - 72 = 4. Let q = -16 + y. Let m(c) = -5*c**3 + 6 - 7 + 4*c**3 - q*c**3. Calculate m(-1).
3
Suppose 0 = -6*v + v + 10. Let t(o) = -4*o - 2*o + 12*o**2 + v + o**3 - 7*o**2. Give t(-6).
2
Let r(v) = v**3 + 2*v**2 + 2*v - 2. Suppose 5*g - 7*g - 70 = 0. Let k = g + 37. What is r(k)?
18
Let m(q) = -q - 3. Let x be m(-5). Suppose 2*b - c = -1 + 2, 4*b = -2*c + 14. Let k(d) = -x*d**2 - 4*d - b*d + 3*d. Give k(-3).
-9
Let k(d) be the first derivative of -d**4/4 + 7*d**3/3 - d**2/2 - 6*d + 146. What is k(7)?
-13
Suppose -3*s = 2*s. Suppose s = 5*b + 2*i - 23, -10 + 2 = -2*i. Let v(y) = -b + y + y**2 - 3*y**2 + 3*y**2. Give v(-3).
3
Let r(s) be the first derivative of -s**3/3 - 9*s**2/2 + 15*s - 512. Determine r(-11).
-7
Let c(l) = -l**2 - 3*l + 1. Let i(p) = 10*p**2 + 17*p - 5. Let h(t) = 5*c(t) + i(t). What is h(-2)?
16
Let o = 3 - 1. Let b(l) = 0*l + 89*l**2 - 176*l**2 + 88*l**2 - 2*l - 2. Let h(r) = -r**2 + r + 3. Let t(x) = o*h(x) + 3*b(x). Determine t(2).
-4
Suppose -159 = 4*o - 5*r, -o - 3*r = 3*o + 199. Let x = 46 + o. Let v(y) = y**3 + y + 2. Give v(x).
2
Let q(n) = -n**3 + 5*n**2 + 7*n + 4. Let w(t) = -4*t**3 + 14*t**2 + 20*t + 10. Let j(r) = -7*q(r) + 2*w(r). Give j(-6).
10
Let q(d) = 8*d + 4. Let f = 246 + -253. Calculate q(f).
-52
Suppose -5*p + 3 + 22 = 0. Let t(x) = -12*x + 18*x**2 - 12*x**2 - 3*x**2 - 26. Let i(a) = -a**2 + 4*a + 9. Let g(r) = 11*i(r) + 4*t(r). Calculate g(p).
0
Let z(y) = 5*y - 3. Suppose 5*q = -3*h + 27 - 6, -q = 5*h - 13. What is z(h)?
7
Suppose -4*s = 9*y - 5*y - 20, -4*y = -3*s + 22. Let w(h) be the first derivative of 6 - 7/2*h**2 + 1/3*h**3 + s*h. Calculate w(4).
-6
Let m(v) = -v**3 + 6*v**2 - 1. Let g(s) = s**3 + 8*s**2 - s. Let n be g(-7). Let y = -50 + n. Determine m(y).
-1
Suppose 4*g + g = 0. Let p(z) be the third derivative of 0 - 13*z**2 + 0*z + 5/6*z**3 + 1/24*z**4. Determine p(g).
5
Let v(z) = -z**2 + 21 - 6*z - 41 + 0*z**2 + 16. Suppose -4*d = -3*d + 4. What is v(d)?
4
Let i(h) be the first derivative of -h**4/12 - h**3/6 + 7*h + 4. Let z(q) be the first derivative of i(q). Let t(p) = 2*p + 3. Let n be t(-2). Determine z(n).
0
Let w(r) be the first derivative of r**4/4 - 11*r**3/3 - r**2/2 + 10*r - 134. What is w(11)?
-1
Let p be 4/((-5)/(20/8)). Let f be -4 - p/(2 - 4). Let d(b) = b**3 + 4*b**2 - 5*b - 7. What is d(f)?
-7
Let f = -5 + 10. Let a(o) be the first derivative of -o**3/6 + 5*o**2/2 + 32*o + 26. Let v(j) be the first derivative of a(j). Determine v(f).
0
Let p(m) = -10*m - 134. Let u be p(-15). Let q(d) = -d**2 + 15*d + 39. What is q(u)?
23
Let g = 78 - 75. Suppose 0 = 5*c + 3*d + 1, g*d - 5 = 5*c - 7*c. Let z(r) = r - 2. Give z(c).
-4
Let n(m) be the first derivative of m**5/60 - 5*m**4/24 + 11*m**3/3 + 11. Let c(g) be the third derivative of n(g). What is c(5)?
5
Let o(s) = 2*s - 8 - 3 + 18*s**2 + 11 - 16*s**2. What is o(2)?
12
Let o(n) = -6*n - 11. Let z(i) be the first derivative of -i**2/2 - 2*i + 36. Let c(j) = 2*o(j) - 11*z(j). Determine c(2).
-2
Let l(s) = s**2 + 3 - 3 - s. Let w = -495 + 494. Determine l(w).
2
Let l = -4687 + 4688. Let t(s) = s**2 - 2 - 5*s**3 + 2. Determine t(l).
-4
Let z = -31 - -30. Let o be 16/(-24) + 32/(-6). Let n = z - o. Let t(w) = -w**3 + 6*w**2 - 3*w - 4. Calculate t(n).
6
Let f(n) = -n**2 - 10*n - 15. Let k be f(-10). Let i = 13 + k. Let c be ((-16)/8)/((-1)/i). Let a(b) = -b**3 - 3*b**2 + 5*b + 5. What is a(c)?
1
Suppose 11*t + 17 - 28 = 0. Let b = -7 + 11. Let y(v) = 1 - 5*v - b*v + 0*v. Determine y(t).
-8
Let w(j) = j**3 + 5*j**2 - 8*j - 7. Let i(l) = l + 5. Let n be i(0). Suppose 0 = -2*h - 4*x + 16, -n*h + 17 = 4*x + 1. Suppose 18 = -3*t - h*t. Calculate w(t).
5
Suppose 1 - 4 = -3*v. Let n(d) = d. Let b(w) = w - 1. Let s = 43 + -42. Let q(g) = s*n(g) - 2*b(g). Calculate q(v).
1
Let c